y 16?
12
Let d(h) be the first derivative of -3*h**2/2 - 28*h + 57. What is the remainder when 28 is divided by d(-12)?
4
Suppose 4*w = 4*v - 24, 0 = -v - 0*v - 3*w + 14. Suppose 0 = -v*c + 245 - 13. What is the remainder when c is divided by 10?
9
Suppose 3*f - 211 = -58. Suppose -3*o + 54 + f = 0. Let s(v) = -v**3 - 8*v**2 - 4*v - 20. Calculate the remainder when o is divided by s(-8).
11
Let v = -101 - -117. Calculate the remainder when 172 is divided by v.
12
Suppose 3*q - q + 11 = -5*g, 2*q - 4*g = 34. What is the remainder when 276 is divided by q?
3
Suppose 22*j = 26*j - 180. Calculate the remainder when 760 is divided by j.
40
Let o(f) = 3*f + 223. What is the remainder when o(-35) is divided by 24?
22
Let h(k) = k**3 + 9*k**2 + 4*k - 3. Let b be h(-6). Suppose -2*v - 101 = -3*c, -c - 2*c + b = 3*v. Calculate the remainder when c is divided by 9.
4
Suppose -n = 1 - 17. Suppose -r + 0*r = -60. Calculate the remainder when r is divided by n.
12
Suppose -r - 11 + 57 = 0. Calculate the remainder when 227 is divided by r.
43
Let p be (-458)/4 - 1 - (-114)/76. Let u = -60 - p. What is the remainder when u is divided by 11?
10
Let v be (16/(-24))/((-2)/6). Let m(x) = -x**3 + 3*x**2 - 1. Let p be m(v). What is the remainder when p - (-27 + 2/(-2)) is divided by 8?
7
Let j(q) = 2*q**2 - 5*q. Let r = 55 - 55. What is the remainder when (r - (-9)/(-2))/((-45)/480) is divided by j(5)?
23
Let q(k) = 69*k**2 + 2*k - 3. Calculate the remainder when q(1) is divided by 28.
12
Calculate the remainder when ((-54)/(-12)*-18)/(-1) is divided by 15.
6
Suppose 5*g - 3*w = 34, -2*g = 8*w - 5*w - 1. What is the remainder when g is divided by 2?
1
Suppose 2*l + 12 = -l. Calculate the remainder when (-96)/(l - -3) + -2 is divided by 32.
30
Suppose 0 = -i - 22 - 10. Let g = -17 - i. Calculate the remainder when 29 is divided by g.
14
Let o = -77 - -87. What is the remainder when 179 is divided by o?
9
Suppose 203*m - 330 = 200*m. What is the remainder when 429 is divided by m?
99
Suppose -364*k = -370*k + 690. What is the remainder when k is divided by 20?
15
Let o(g) = -21*g - 47 - 156*g**2 + 76*g**2 + 79*g**2. What is the remainder when 104 is divided by o(-17)?
20
Suppose 0 = 5*h + 20, 2*x - 5*h = -3*h + 152. Calculate the remainder when x is divided by 2.
0
Suppose -8*r + 25 = -3*r. Let g be (15/2)/(5/(-20)). Let y = 32 + g. Calculate the remainder when r is divided by y.
1
Suppose -4*v = 5*m + 5 - 40, 3*v = -m + 18. Suppose s - 36 = 10. What is the remainder when s is divided by -1 + -1 + 42/m?
10
Let n(d) = 9*d**2 + 5*d + 7. What is the remainder when n(-2) is divided by 7?
5
Suppose 5*r + 4*t - 144 = 0, -5*t - 23 = -6*r + 5*r. What is the remainder when 230 is divided by r?
6
Let y = 30 + -22. Suppose -y*f = -f - 105. Calculate the remainder when 26 is divided by f.
11
Let n = -15 - -18. Suppose -n*l + 118 = 91. What is the remainder when 44 is divided by l?
8
Let u(a) = -29*a - 325. Calculate the remainder when u(-15) is divided by 57.
53
Let i(p) = -p**3 + 9*p**2 - 12*p. Let m be i(6). Let g = 59 - m. What is the remainder when g is divided by 4?
3
Suppose 0 = -5*o - 0*o + 255. Let h = -31 + o. Suppose 3*x + x = -20, -5*j + x + h = 0. What is the remainder when 4 is divided by j?
1
Suppose 915 + 1041 = 12*w. What is the remainder when w is divided by 14?
9
Suppose 4 = 2*w - 0*w. Suppose -5*x - 17 = 5*j - 2*j, w*j - 22 = 5*x. Let k = -190 + 191. What is the remainder when k is divided by j?
0
Let p(d) = 4*d**2 + 13*d - 92. Calculate the remainder when 544 is divided by p(8).
8
Calculate the remainder when 98 is divided by -32*(-4)/4 + -6.
20
Let o = -1558 - -1790. What is the remainder when o is divided by 35?
22
Let x(r) = r**3 + 22*r**2 - 23*r + 18. Let g(c) = -8*c - 5. Let v be g(-5). Calculate the remainder when (1 + (4 - 3))*v is divided by x(-23).
16
Suppose 42*t - 118 + 4 = 23*t. Suppose -5*h - 2*q = -298, -120 = -2*h + q - 2*q. What is the remainder when h is divided by t?
4
Calculate the remainder when (-1632)/(-12 - -6) + 6 is divided by 134.
10
What is the remainder when 84 is divided by (-7 - -11)*(-7 + 14)?
0
Let h(c) = c + 7. Let q(f) = -7*f + 180. Calculate the remainder when q(11) is divided by h(8).
13
Suppose -71 = -5*h - 6. Suppose -h = -4*l + 23. Calculate the remainder when 24 is divided by l.
6
Calculate the remainder when 3/(-12*(-2)/424) is divided by 14.
11
Suppose -9*m + x = -7*m - 44, 0 = 9*m + x - 187. What is the remainder when ((-19)/(-4) + 3)*4 is divided by m?
10
Let r = -1145 - -1200. What is the remainder when r is divided by 8?
7
Let w(k) = -k**2 - 5*k + 2. Let j = -18 - 11. Let m = 25 + j. Calculate the remainder when 14 is divided by w(m).
2
Suppose 38*l = 32*l - 30. Calculate the remainder when 34 is divided by 3 + (-24)/(10/l).
4
Let k = 14 - 44. Suppose -4 = -15*w + 86. What is the remainder when w is divided by (2/(-4))/(5/k)?
0
Suppose -110 - 106 = -3*h - 4*m, -3*h + 189 = -5*m. Suppose 0 = 4*l - 9*l + 575. Suppose -48*g = -53*g + l. Calculate the remainder when h is divided by g.
22
Suppose -17*o = -16*o - 91. What is the remainder when o is divided by 25?
16
Let k(p) = -8*p**2 - p**3 + 10 + 36*p - 36*p. Calculate the remainder when k(-8) is divided by 5.
0
Suppose -6*h = -h - 125. Let m(t) = -t**2 + 15*t - 15. Let l be m(12). Calculate the remainder when h is divided by (l/(-28))/((-1)/12).
7
Let o = 50 + -34. What is the remainder when (69 - -1 - 0) + (-80)/(-10) is divided by o?
14
Let c(z) = -z**3 + 20*z**2 - 13*z - 19. Let j be c(19). Suppose 4*g - 603 = -j. Calculate the remainder when g is divided by 43.
41
Let c = 17 - 7. Let o be (-4)/(-12) + 40/6. Let s = c - o. Calculate the remainder when 10 is divided by s.
1
Let g = -33 + 57. What is the remainder when g is divided by (1/2)/((-3)/252*-6)?
3
Let u = 19 + -7. Let s = u - 12. What is the remainder when -4 + 5 - (-2 + s) is divided by 1?
0
Let a = 4 - -21. Suppose -4*o - o = -a. Suppose -2*w + 31 = 3*k, -o*w + 3*k + 87 = k. What is the remainder when w is divided by 7?
3
Let u = -60 + 77. Calculate the remainder when (46/(-6))/(-1 - u/(-18)) is divided by 35.
33
Suppose 3 = 2*d - g - 29, 0 = d - 5*g + 2. Suppose o + 2*o = d. What is the remainder when o is divided by 2?
0
Let f = -44 + 73. Let x = 43 - f. Suppose 0 = -g + 3*a - 4 + 24, 4*g - 52 = 5*a. Calculate the remainder when x is divided by g.
6
Suppose -8*r = -r - 119. Calculate the remainder when r is divided by 8.
1
Let k = 1125 + -1055. What is the remainder when 102 is divided by k?
32
What is the remainder when (17 - 7) + -10 - -1480 is divided by 13?
11
Suppose 2*x = x - 66. Let o = -13 - x. Let f(n) = 20*n**2 - 23*n + 22. What is the remainder when o is divided by f(1)?
15
Suppose 2*o = -2, 4*o - 8 = -4*p + 16. Let h = p - 13. Let q(m) = -2*m - 3. Calculate the remainder when 17 is divided by q(h).
8
Let s = -1 - -1. What is the remainder when (32/96)/(s + (-1)/(-18)) is divided by 6?
0
Let x(y) = 12*y**2 + y + 6. Let k be x(-2). Suppose 3*j - 2*g - 62 = -j, 4*j = 4*g + k. What is the remainder when 65 is divided by j?
11
Let o be ((-15)/5 - -4)*(-2 + -33). Let a = o - -47. What is the remainder when a is divided by 5?
2
Let u be (8/(-20) + (-44)/40)*-2. Suppose -4*x = u*a - 65, 5*x = -4*a + 102 - 17. What is the remainder when 283 is divided by a?
13
Suppose -r + 30 = -35. Let s = r - 2. Calculate the remainder when s is divided by 22.
19
Let k = 16 + -10. Suppose 2*l = -5*g + k*l + 95, 2*l = 0. Suppose -3*r = -4*z - 1, z = -r + 5*r - 23. Calculate the remainder when g is divided by r.
5
Calculate the remainder when (33/3 + 0)*34 is divided by 63.
59
Let d = 24 + -17. Let y be (1 + 13)/(12/6). Suppose 12*r = y*r + 55. Calculate the remainder when r is divided by d.
4
Calculate the remainder when 119 is divided by 38 - (0 + -7 + 5).
39
Suppose -4*n = -3*u + 226, -2*u + 0*n - 2*n = -132. Let v = u - 38. What is the remainder when v is divided by 11?
10
Let q = 90 + -78. Suppose 5*n + a - 26 = -a, 0 = -4*a + 12. What is the remainder when 0/n - (-34 + -1) is divided by q?
11
Let z = -30 + 58. Let m = -2192 + 2209. Calculate the remainder when z is divided by m.
11
Calculate the remainder when (-118 - -115)/(1 - 37/34) is divided by 27.
7
Suppose 4*x + 4*b = 152 - 12, 4*x - 125 = -b. Let 